{"id":6056,"date":"2025-01-14T16:33:19","date_gmt":"2025-01-14T07:33:19","guid":{"rendered":"https:\/\/www.l.u-tokyo.ac.jp\/futsubun\/?page_id=6056"},"modified":"2026-04-08T12:45:03","modified_gmt":"2026-04-08T03:45:03","slug":"kenkyu1","status":"publish","type":"page","link":"https:\/\/www.l.u-tokyo.ac.jp\/futsubun\/kenkyu1\/","title":{"rendered":"\u7814\u7a76\u5ba4\u6848\u5185"},"content":{"rendered":"\n<p class=\"has-text-align-center\">\u3000\u6771\u4eac\u5927\u5b66\u30d5\u30e9\u30f3\u30b9\u8a9e\u30d5\u30e9\u30f3\u30b9\u6587\u5b66\u7814\u7a76\u5ba4\u306e\u6982\u8981\u3001\u7279\u5fb4\u3001\u5c02\u4efb\u6559\u54e1\u3092\u7d39\u4ecb\u3057\u3066\u3044\u307e\u3059\u3002<br>\u5f53\u7814\u7a76\u5ba4\u3067\u306e\u7814\u7a76\u306b\u3064\u3044\u3066\u306f\u3001\u300c<a href=\".\/kenkyu2\/\">\u7814\u7a76\u306b\u3064\u3044\u3066<\/a>\u300d\u306e\u30da\u30fc\u30b8\u3082\u3042\u308f\u305b\u3066\u3054\u89a7\u304f\u3060\u3055\u3044\u3002<br>\u5165\u8a66\u30fb\u9032\u5b66\u60c5\u5831\u3092\u304a\u63a2\u3057\u306e\u65b9\u306f\u300c<a href=\".\/nyugaku\/\">\u5165\u5b66\uff65\u9032\u5b66\u60c5\u5831<\/a>\u300d\u3092\u3054\u89a7\u304f\u3060\u3055\u3044\u3002<\/p>\n\n\n\n<h2 class=\"wp-block-heading has-text-align-center\">\u7814\u7a76\u5ba4\u306e\u6982\u8981<\/h2>\n\n\n\n<h3 class=\"wp-block-heading\">\u540d\u79f0<\/h3>\n\n\n\n<h4 class=\"wp-block-heading\"><span data-fontsize=\"18px\" style=\"font-size: 18px;\" class=\"vk_inline-font-size\">\u6771\u4eac\u5927\u5b66\u6587\u5b66\u90e8\u30fb\u4eba\u6587\u793e\u4f1a\u7cfb\u7814\u7a76\u79d1<br>\u30d5\u30e9\u30f3\u30b9\u8a9e\u30d5\u30e9\u30f3\u30b9\u6587\u5b66\u7814\u7a76\u5ba4<\/span><\/h4>\n\n\n\n<h3 class=\"wp-block-heading\">\u30d5\u30e9\u30f3\u30b9\u8a9e\u8868\u8a18<\/h3>\n\n\n\n<p>Universit\u00e9 de Tokyo Facult\u00e9 des Lettres, \u00c9cole doctorale des Sciences Humaines et Sociales<br>D\u00e9partement de Langue et Litt\u00e9rature Fran\u00e7aises<\/p>\n\n\n\n<h3 class=\"wp-block-heading\">\u7814\u7a76\u5206\u91ce<\/h3>\n\n\n\n<p>\u30d5\u30e9\u30f3\u30b9\u306e\u6587\u5b66\u30fb\u601d\u60f3\u3001\u30d5\u30e9\u30f3\u30b9\u8a9e\u306e\u8a00\u8a9e\u5b66\u3001\u30d5\u30e9\u30f3\u30b3\u30d5\u30a9\u30cb\u30fc\u7b49<\/p>\n\n\n\n<h3 class=\"wp-block-heading\">\u4f4f\u6240\u7b49<\/h3>\n\n\n\n<p>\u3012113-0033\u3000\u6771\u4eac\u90fd\u6587\u4eac\u533a\u672c\u90f7 7-3-1\u3000\u6587\u5b66\u90e83\u53f7\u99283\u968e\u3000<strong>\u96fb\u8a71<\/strong> 03-5841-3842\u3000<strong>FAX<\/strong> 03-5841-8966\u3000<\/p>\n\n\n\n<p><a href=\"https:\/\/www.l.u-tokyo.ac.jp\/futsubun\/contact\/\">\u30a6\u30a7\u30d6\u3067\u306e\u304a\u554f\u3044\u5408\u308f\u305b<\/a><\/p>\n\n\n\n<h3 class=\"wp-block-heading\">\u5c02\u4efb\u6559\u54e1<\/h3>\n\n\n\n<p><strong>\u6559\u6388 \uff1a<\/strong>\u5869\u585a\u79c0\u4e00\u90ce\u3001\u738b\u5bfa\u8ce2\u592a\u3000<strong>\u51c6\u6559\u6388\uff1a<\/strong>Raoul DELEMAZURE\u3001\u9234\u6728\u548c\u5f66\u3000<strong>\u52a9\u6559 \uff1a<\/strong>\u6df1\u7530\u5b5d\u592a\u6717<\/p>\n\n\n\n<h3 class=\"wp-block-heading\">\u6240\u5c5e\u5b66\u751f\u6570<\/h3>\n\n\n\n<p><strong>\u5b66\u90e8\uff1a<\/strong>24\u540d\u3000<strong>\u4fee\u58eb\u8ab2\u7a0b\uff1a<\/strong>15\u540d\u3000<strong>\u535a\u58eb\u8ab2\u7a0b\uff1a<\/strong>22\u540d\uff082026\u5e744\u6708\u73fe\u5728\uff09<\/p>\n\n\n\n<h2 class=\"wp-block-heading has-text-align-center\">\u7814\u7a76\u5ba4\u306e\u7279\u5fb4<\/h2>\n\n\n\n<p>\u3000\u300c\u30d5\u30e9\u30f3\u30b9\u8a9e\u30d5\u30e9\u30f3\u30b9\u6587\u5b66\u300d\u3068\u805e\u3044\u3066\u3001\u3042\u306a\u305f\u306f\u4f55\u3092\u601d\u3044\u6d6e\u304b\u3079\u307e\u3059\u304b\u3002\u30b9\u30bf\u30f3\u30c0\u30fc\u30eb\u3001\u30d0\u30eb\u30b6\u30c3\u30af\u3001\u30d5\u30ed\u30fc\u30d9\u30fc\u30eb\u3001\u30d7\u30eb\u30fc\u30b9\u30c8\u3068\u3044\u3063\u305f\u5c0f\u8aac\u5bb6\u305f\u3061\u306e\u540d\u524d\u3067\u3057\u3087\u3046\u304b\u3002\u30dc\u30fc\u30c9\u30ec\u30fc\u30eb\u3001\u30e9\u30f3\u30dc\u30fc\u3001\u30de\u30e9\u30eb\u30e1\u3068\u3044\u3063\u305f19\u4e16\u7d00\u306e\u5049\u5927\u306a\u8a69\u4eba\u305f\u3061\u306e\u540d\u524d\u3067\u3057\u3087\u3046\u304b\u3002\u30b5\u30ed\u30fc\u30c8\u3001\u30b7\u30e2\u30f3\u3001\u30c7\u30e5\u30e9\u30b9\u306a\u3069\u73fe\u4ee3\u306e\u4f5c\u5bb6\u305f\u3061\u306e\u540d\u524d\u3084\u3001\u300e\u4e09\u9283\u58eb\u300f\u3001\u300e\u6d77\u5e95\u4e8c\u4e07\u30de\u30a4\u30eb\u300f\u3001\u300e\u661f\u306e\u738b\u5b50\u69d8\u300f\u306a\u3069\u65e5\u672c\u306e\u5b50\u4f9b\u305f\u3061\u306b\u3082\u89aa\u3057\u307e\u308c\u3066\u3044\u308b\u4f5c\u54c1\u306e\u30bf\u30a4\u30c8\u30eb\u304b\u3082\u3057\u308c\u307e\u305b\u3093\u3002\u3082\u3063\u3068\u6642\u4ee3\u3092\u9061\u3063\u3066\u300116\u4e16\u7d00\u306e\u30e9\u30d6\u30ec\u30fc\u3068\u30e2\u30f3\u30c6\u30fc\u30cb\u30e5\u306e\u6642\u4ee3\u304b\u3089\u3001\u601d\u60f3\u5bb6\uff08\u30c7\u30ab\u30eb\u30c8\u3001\u30d1\u30b9\u30ab\u30eb\uff09\u30fb\u5287\u4f5c\u5bb6\uff08\u30b3\u30eb\u30cd\u30a4\u30e6\u3001\u30e2\u30ea\u30a8\u30fc\u30eb\u3001\u30e9\u30b7\u30fc\u30cc\uff09\u3092\u8f29\u51fa\u3057\u305f17\u4e16\u7d00\u3092\u7d4c\u3066\u3001\u30e2\u30f3\u30c6\u30b9\u30ad\u30e5\u30fc\u3001\u30eb\u30bd\u30fc\u3001\u30c7\u30a3\u30c9\u30ed\u3089\u304c\u7d9a\u3005\u3068\u73fe\u308c\u305f18\u4e16\u7d00\u307e\u3067\u306e\u897f\u6b27\u6587\u5316\u53f2\u4e0a\u306e\u6709\u540d\u4eba\u305f\u3061\u3092\u601d\u3044\u6d6e\u304b\u3079\u308b\u65b9\u3082\u3044\u308b\u3067\u3057\u3087\u3046\u3002\u3042\u308b\u3044\u306f\u3001\u5b9f\u5b58\u4e3b\u7fa9\u304b\u3089\u69cb\u9020\u4e3b\u7fa9\u30fb\u30dd\u30b9\u30c8\u69cb\u9020\u4e3b\u7fa9\u3078\u3068\u9023\u306a\u308b20\u4e16\u7d00\u306e\u54f2\u5b66\u8005\u30fb\u601d\u60f3\u5bb6\u305f\u3061\u306e\u3053\u3068\u3092\u8003\u3048\u3066\u3082\u304b\u307e\u3044\u307e\u305b\u3093\u3002<\/p>\n\n\n\n<p>\u3000\u30d5\u30e9\u30f3\u30b9\u8a9e\u30d5\u30e9\u30f3\u30b9\u6587\u5b66\u7814\u7a76\u5ba4\uff08\u4ee5\u4e0b\u300c\u4ecf\u6587\u300d\uff09\u3067\u306f\u3001\u3053\u3046\u3057\u305f\u30d5\u30e9\u30f3\u30b9\u8a9e\u3067\u66f8\u304b\u308c\u305f\u3055\u307e\u3056\u307e\u306a\u4f5c\u54c1\u3092\u3068\u308a\u3042\u3052\u307e\u3059\u3002\u3064\u307e\u308a\u3001\u300c\u30d5\u30e9\u30f3\u30b9\u8a9e\u30d5\u30e9\u30f3\u30b9\u6587\u5b66\u300d\u304c\u5bfe\u8c61\u3068\u3059\u308b\u306e\u306f\u3001\u8a69\u30fb\u5c0f\u8aac\u30fb\u622f\u66f2\u30fb\u6279\u8a55\u3068\u3044\u3063\u305f\u72ed\u3044\u610f\u5473\u306e\u300c\u6587\u5b66\u300d\u306e\u307f\u306a\u3089\u305a\u3001\u73fe\u5728\u3067\u306f\u54f2\u5b66\u30fb\u6b74\u53f2\u30fb\u6587\u5b66\u30fb\u793e\u4f1a\u79d1\u5b66\u3068\u3044\u3063\u305f\u3055\u307e\u3056\u307e\u306a\u5b66\u554f\u9818\u57df\u306b\u5206\u304b\u308c\u305f\u300c\u30d5\u30e9\u30f3\u30b9\u8a9e\u306e\u30c6\u30af\u30b9\u30c8\u300d\u4e00\u822c\u3067\u3059\u3002\u5b9f\u969b\u3001\u30eb\u30cd\u30c3\u30b5\u30f3\u30b9\u671f\u4ee5\u6765\u3001\u30d5\u30e9\u30f3\u30b9\u8a9e\u306e\u66f8\u304d\u624b\u305f\u3061\u306f\u3001\u3055\u307e\u3056\u307e\u306a\u9818\u57df\u3067\u3001\u305d\u308c\u305e\u308c\u306e\u9818\u57df\u306e\u5275\u8a2d\u3084\u9769\u65b0\u306b\u643a\u308f\u3063\u3066\u304d\u307e\u3057\u305f\u3002\u30a8\u30c3\u30bb\u30fc\u3068\u3044\u3046\u5f62\u5f0f\u3067\u81ea\u5206\u81ea\u8eab\u306b\u3064\u3044\u3066\u8a9e\u308b\u3053\u3068\u3092\u59cb\u3081\u305f\u30e2\u30f3\u30c6\u30fc\u30cb\u30e5\u3084\u3001\u4fd7\u8a9e\u3067\u54f2\u5b66\u66f8\u3092\u8457\u3057\u305f\u5148\u99c6\u8005\u30c7\u30ab\u30eb\u30c8\u3001\u73fe\u4ee3\u7684\u306a\u610f\u5473\u3067\u306e\u300c\u4e16\u754c\u53f2\u300d\u306e\u5275\u59cb\u8005\u306e\u4e00\u4eba\u30f4\u30a9\u30eb\u30c6\u30fc\u30eb\u3001\u3055\u3089\u306b\u306f\u8a00\u8a9e\u5b66\u30fb\u4eba\u985e\u5b66\u30fb\u7cbe\u795e\u5206\u6790\u30fb\u30d5\u30a7\u30df\u30cb\u30ba\u30e0\u306e\u9818\u57df\u3067\u30bd\u30b7\u30e5\u30fc\u30eb\u3001\u30ec\u30f4\u30a3=\u30b9\u30c8\u30ed\u30fc\u30b9\u3001\u30e9\u30ab\u30f3\u3001\u30dc\u30fc\u30f4\u30a9\u30ef\u30fc\u30eb\u305f\u3061\u304c\u679c\u305f\u3057\u305f\u77e5\u7684\u5909\u9769\u306a\u3069\u3001\u305d\u306e\u4f8b\u306f\u679a\u6319\u306b\u3044\u3068\u307e\u304c\u3042\u308a\u307e\u305b\u3093\u3002\u3072\u308b\u304c\u3048\u3063\u3066\u3001\u30b7\u30e5\u30eb\u30ec\u30a2\u30ea\u30b9\u30e0\u3084\u30cc\u30fc\u30f4\u30a9\u30fc\u30ed\u30de\u30f3\u306e\u3088\u3046\u306a\u96c6\u56e3\u7684\u306a\u6587\u5b66\u904b\u52d5\u306e\u304b\u305f\u3061\u3053\u305d\u3068\u3089\u306a\u3044\u3082\u306e\u306e\u3001\u30d5\u30e9\u30f3\u30b9\u8a9e\u570f\u3067\u306f\u73fe\u5728\u3082\u306a\u304a\u3001\u8a69\u30fb\u5c0f\u8aac\u30fb\u622f\u66f2\u3068\u3044\u3063\u305f\u8af8\u30b8\u30e3\u30f3\u30eb\u3067\u3001\u307e\u305f\u305d\u3046\u3057\u305f\u65e2\u6210\u306e\u30b8\u30e3\u30f3\u30eb\u306e\u67a0\u5916\u3067\u3001\u591a\u69d8\u306a\u6587\u5b66\u4f5c\u54c1\u304c\u3055\u304b\u3093\u306b\u751f\u307f\u51fa\u3055\u308c\u3066\u3044\u307e\u3059\u3002<\/p>\n\n\n\n<p>\u3000\u4ecf\u6587\u3067\u306f\u3053\u308c\u307e\u3067\u3001\u306a\u306b\u3088\u308a\u3082\u5b66\u751f\u500b\u3005\u4eba\u306e\u81ea\u767a\u7684\u306a\u95a2\u5fc3\u3092\u5c0a\u91cd\u3057\u3001\u30d5\u30e9\u30f3\u30b9\u6587\u5b66\u7814\u7a76\u30fb\u30d5\u30e9\u30f3\u30b9\u601d\u60f3\u7814\u7a76\u306a\u3069\u306e\u5206\u91ce\u3067\u512a\u308c\u305f\u7814\u7a76\u8005\u3092\u8f29\u51fa\u3057\u3066\u304d\u305f\u3060\u3051\u3067\u306a\u304f\u3001\u300c\u30d5\u30e9\u30f3\u30b9\u8a9e\u306e\u30c6\u30af\u30b9\u30c8\u300d\u306b\u89e6\u767a\u3055\u308c\u306a\u304c\u3089\u3001\u65e5\u672c\u306e\u82b8\u8853\u30fb\u6587\u5316\u306e\u8af8\u5206\u91ce\u3067\u6d3b\u8e8d\u3059\u308b\u6570\u591a\u304f\u306e\u4f5c\u5bb6\u30fb\u82b8\u8853\u5bb6\u30fb\u6279\u8a55\u5bb6\u3092\u751f\u307f\u51fa\u3057\u3066\u304d\u307e\u3057\u305f\u3002\u3053\u306e\u7814\u7a76\u5ba4\u306e\u826f\u304d\u4f1d\u7d71\u306f\u73fe\u5728\u3082\u5f15\u304d\u7d99\u304c\u308c\u3066\u304a\u308a\u3001\u5b66\u90e8\u751f\u306e\u3042\u3044\u3060\u306f\u307e\u305a\u3001\u7279\u5b9a\u306e\u4f5c\u5bb6\u3084\u4f5c\u54c1\u306e\u7814\u7a76\u306b\u8996\u91ce\u3092\u9650\u5b9a\u305b\u305a\u3001\u7ffb\u8a33\u3092\u4ecb\u3057\u3066\u3067\u3082\u300c\u30d5\u30e9\u30f3\u30b9\u8a9e\u306e\u30c6\u30af\u30b9\u30c8\u300d\u306e\u5e83\u304c\u308a\u306b\u3064\u3044\u3066\u77e5\u898b\u3092\u6df1\u3081\u3001\u81ea\u5206\u81ea\u8eab\u306e\u95a2\u5fc3\u3092\u767a\u898b\u3059\u308b\u3053\u3068\u304c\u63a8\u5968\u3055\u308c\u3066\u3044\u307e\u3059\u3002<\/p>\n\n\n\n<p>\u3000\u73fe\u5728\u3001\u4ecf\u6587\u7814\u7a76\u5ba4\u306e\u5c02\u4efb\u6559\u54e1\u306f\u5869\u585a\u79c0\u4e00\u90ce\u3001\u738b\u5bfa\u8ce2\u592a\u3001Raoul DELEMAZURE\u3001\u9234\u6728\u548c\u5f66\u306e4\u540d\u304c\u304a\u308a\u3001\u8fd1\u4e16\u30fb\u8fd1\u4ee3\u30fb\u73fe\u4ee3\u306e\u6587\u5b66\u30fb\u601d\u60f3\u3092\u5c02\u9580\u7684\u304b\u3064\u5e45\u5e83\u304f\u5b66\u3073\u3001\u8aad\u307f\u30fb\u66f8\u304d\u30fb\u8a71\u3059\u30d5\u30e9\u30f3\u30b9\u8a9e\u306e\u5b9f\u8df5\u7684\u306a\u529b\u3092\u8eab\u306b\u3064\u3051\u308b\u305f\u3081\u306e\u5145\u5b9f\u3057\u305f\u30ab\u30ea\u30ad\u30e5\u30e9\u30e0\u3092\u6e96\u5099\u3057\u3066\u3044\u307e\u3059\u3002\u5c02\u4efb\u6559\u54e1\u3060\u3051\u3067\u306f\u30ab\u30d0\u30fc\u3059\u308b\u3053\u3068\u306e\u3067\u304d\u306a\u3044\u9818\u57df\u306b\u95a2\u3057\u3066\u306f\u3001\u591a\u304f\u306e\u975e\u5e38\u52e4\u8b1b\u5e2b\u3092\u62db\u3044\u3066\u305d\u306e\u6b20\u843d\u3092\u88dc\u3063\u3066\u3044\u308b\u306e\u3082\u5927\u304d\u306a\u7279\u5fb4\u3067\u30012026\u5e74\u5ea6\u306b\u306f\u3001\u6625\u5b66\u671f\u30fb\u79cb\u5b66\u671f\u3042\u308f\u305b\u3066\u3001\u30d5\u30e9\u30f3\u30b9\u8a9e\u8a00\u8a9e\u5b66\u3001\u4e2d\u4e16\u6587\u5b66\u300119\u4e16\u7d00\u6587\u5b66\u300120\u4e16\u7d00\u6587\u5b66\u7b49\u3092\u5c02\u9580\u3068\u3059\u308b\u8a086\u540d\u306e\u975e\u5e38\u52e4\u8b1b\u5e2b\u306e\u5148\u751f\u65b9\u306b\u51fa\u8b1b\u3092\u304a\u9858\u3044\u3057\u3066\u3044\u307e\u3059\u3002<\/p>\n\n\n\n<p>\u3000\u3044\u307e\u3084\u30d5\u30e9\u30f3\u30b9\u6587\u5b66\u306e\u53e4\u5178\u7684\u4f5c\u54c1\u304c\u65e5\u672c\u4eba\u306e\u4e00\u822c\u6559\u990a\u3067\u3042\u3063\u305f\u6642\u4ee3\u306f\u9060\u304f\u306a\u3063\u305f\u3068\u306f\u3044\u3048\u3001\u660e\u6cbb\u4ee5\u6765\u306e\u65e5\u672c\u3067\u3001\u3057\u3070\u3057\u3070\u7ffb\u8a33\u3092\u901a\u3058\u3066\u300c\u30d5\u30e9\u30f3\u30b9\u8a9e\u306e\u30c6\u30af\u30b9\u30c8\u300d\u306e\u9b45\u529b\u306b\u5c0e\u304b\u308c\u3001\u305d\u308c\u306b\u89e6\u767a\u3055\u308c\u3066\u3001\u6570\u591a\u304f\u306e\u65e5\u672c\u8a9e\u306e\u4ed5\u4e8b\u304c\u306a\u3055\u308c\u3066\u304d\u305f\u3053\u3068\u3082\u307e\u305f\u4e8b\u5b9f\u3067\u3059\u3002\u305d\u306e\u610f\u5473\u3067\u306f\u3001\u300c\u30d5\u30e9\u30f3\u30b9\u8a9e\u30d5\u30e9\u30f3\u30b9\u6587\u5b66\u300d\u306f\u305f\u3093\u306b\u30e8\u30fc\u30ed\u30c3\u30d1\u897f\u7aef\u306e\u9060\u3044\u7570\u56fd\u306e\u6587\u5316\u907a\u7523\u3067\u306f\u306a\u304f\u3001\u65e5\u672c\u8a9e\u3067\u751f\u6d3b\u3059\u308b\u79c1\u305f\u3061\u81ea\u8eab\u306e\u6587\u5316\u306e\u4e00\u90e8\u3067\u3042\u308b\u3068\u3082\u8a00\u3048\u307e\u3059\u3002<\/p>\n\n\n\n<p>\u3000\u3088\u304f\u77e5\u3089\u308c\u3066\u3044\u308b\u3088\u3046\u306b\u3001\u300c\u6771\u5927\u4ecf\u6587\u300d\u304b\u3089\u306f\u3001\u5c0f\u8aac\u3067\u306f\u592a\u5bb0\u6cbb\uff08\u4e2d\u9000\uff09\u3001\u5927\u6c5f\u5065\u4e09\u90ce\u3001\u677e\u6d66\u5bff\u8f1d\u3001\u8a69\u3067\u306f\u5929\u6ca2\u9000\u4e8c\u90ce\u3084\u5165\u6fa4\u5eb7\u592b\u3001\u6587\u82b8\u8a55\u8ad6\u3067\u306f\u5c0f\u6797\u79c0\u96c4\u3001\u6f81\u6fa4\u9f8d\u5f66\u3001\u84ee\u5be6\u91cd\u5f66\u3068\u3044\u3063\u305f\u4eba\u3005\u304c\u7d9a\u3005\u3068\u4e16\u306b\u51fa\u307e\u3057\u305f\u3002\u4f5c\u66f2\u5bb6\uff08\u4e09\u5584\u6643\uff09\u3084\u97f3\u697d\u6279\u8a55\u5bb6\uff08\u5409\u7530\u79c0\u548c\uff09\u3001\u6620\u753b\u4f5c\u5bb6\uff08\u5409\u7530\u559c\u91cd\uff09\u3084\u6620\u753b\u6279\u8a55\u5bb6\uff08\u84ee\u5be6\u3001\u677e\u6d66\uff09\u3001\u30a2\u30cb\u30e1\u30fc\u30b7\u30e7\u30f3\u4f5c\u5bb6\uff08\u9ad8\u7551\u52f2\uff09\u3082\u300c\u6771\u5927\u4ecf\u6587\u300d\u306e\u540c\u7a93\u751f\u3067\u3059\u3002\u3053\u308c\u3060\u3051\u591a\u7a2e\u591a\u69d8\u306a\u66f8\u304d\u624b\u30fb\u82b8\u8853\u5bb6\u304c\u6570\u591a\u304f\u5de3\u7acb\u3063\u3066\u3044\u3063\u305f\u80cc\u666f\u306b\u306f\u3001\u300c\u30d5\u30e9\u30f3\u30b9\u8a9e\u306e\u30c6\u30af\u30b9\u30c8\u300d\u306b\u305d\u306a\u308f\u308b\u9818\u57df\u6a2a\u65ad\u6027\u3084\u65b9\u6cd5\u8ad6\u4e0a\u306e\u5148\u92ed\u6027\u3001\u3042\u308b\u3044\u306f\u540c\u6642\u4ee3\u306e\u793e\u4f1a\u306b\u5bfe\u3059\u308b\u6279\u5224\u7684\u95a2\u4fc2\u306e\u307f\u306a\u3089\u305a\u3001\u3053\u306e\u7814\u7a76\u5ba4\u306a\u3089\u3067\u306f\u306e\u81ea\u7531\u95ca\u9054\u3055\u304c\u3042\u308a\u307e\u3057\u305f\u3002\u6771\u5927\u4ecf\u6587\u306f\u304b\u306d\u3066\u304b\u3089\u3001\u30a2\u30ab\u30c7\u30df\u30c3\u30af\u306b\u3082\u4e16\u754c\u6c34\u6e96\u306b\u3042\u308b\u65e5\u672c\u306e\u4ecf\u6587\u7814\u7a76\u306e\u7b2c\u4e00\u7dda\u3067\u3042\u3063\u305f\u306e\u307f\u306a\u3089\u305a\u3001\u300c\u30d5\u30e9\u30f3\u30b9\u8a9e\u306e\u30c6\u30af\u30b9\u30c8\u300d\u304b\u3089\u523a\u6fc0\u3092\u53d7\u3051\u3068\u3063\u3066\u81ea\u5206\u81ea\u8eab\u306e\u9818\u91ce\u3092\u5207\u308a\u958b\u304d\u3001\u65b0\u305f\u306a\u5275\u9020\u3092\u884c\u3046\u5b66\u751f\u305f\u3061\u3092\u5fdc\u63f4\u3057\u3066\u304d\u307e\u3057\u305f\u3002\u305d\u306e\u7cbe\u795e\u3092\u3001\u6e21\u8fba\u4e00\u592b\u306f\u30e9\u30d6\u30ec\u30fc\u306e\u4e00\u53e5\u3092\u501f\u308a\u3066\u8a00\u3044\u5f53\u3066\u3066\u3044\u307e\u3059 \u2014\u2014\u300cFay ce que vouldras \u6c5d\u306e\u6b32\u3059\u308b\u3068\u3053\u308d\u3092\u306a\u305b\u300d\u3002\u4eba\u6587\u5b66\u7814\u7a76\u306e\u5371\u6a5f\u304c\u304b\u307e\u3073\u3059\u3057\u304f\u8a00\u308f\u308c\u308b\u73fe\u5728\u3060\u304b\u3089\u3053\u305d\u3001\u4e00\u4eba\u3067\u3082\u591a\u304f\u306e\u5b66\u751f\u304c\u3001\u3053\u306e\u81ea\u7531\u95ca\u9054\u306a\u7cbe\u795e\u3092\u53d7\u3051\u7d99\u304e\u3001\u3051\u3063\u3057\u3066\u5df1\u306e\u6b32\u3059\u308b\u3053\u3068\u306b\u304a\u3044\u3066\u8b72\u308b\u3053\u3068\u306a\u304f\u3001\u300c\u30d5\u30e9\u30f3\u30b9\u8a9e\u306e\u30c6\u30af\u30b9\u30c8\u300d\u306e\u65b0\u305f\u306a\u9b45\u529b\u3092\u767a\u898b\u3057\u3066\u304f\u308c\u308b\u3053\u3068\u3092\u9858\u3063\u3066\u3044\u307e\u3059\u3002<\/p>\n","protected":false},"excerpt":{"rendered":"<p>\u3000\u6771\u4eac\u5927\u5b66\u30d5\u30e9\u30f3\u30b9\u8a9e\u30d5\u30e9\u30f3\u30b9\u6587\u5b66\u7814\u7a76\u5ba4\u306e\u6982\u8981\u3001\u7279\u5fb4\u3001\u5c02\u4efb\u6559\u54e1\u3092\u7d39\u4ecb\u3057\u3066\u3044\u307e\u3059\u3002\u5f53\u7814\u7a76\u5ba4\u3067\u306e\u7814\u7a76\u306b\u3064\u3044\u3066\u306f\u3001\u300c\u7814\u7a76\u306b\u3064\u3044\u3066\u300d\u306e\u30da\u30fc\u30b8\u3082\u3042\u308f\u305b\u3066\u3054\u89a7\u304f\u3060\u3055\u3044\u3002\u5165\u8a66\u30fb\u9032\u5b66\u60c5\u5831\u3092\u304a\u63a2\u3057\u306e\u65b9\u306f\u300c\u5165\u5b66\uff65\u9032\u5b66\u60c5\u5831\u300d\u3092\u3054\u89a7\u304f\u3060\u3055\u3044\u3002 \u7814 [&hellip;]<\/p>\n","protected":false},"author":1,"featured_media":0,"parent":0,"menu_order":0,"comment_status":"closed","ping_status":"closed","template":"","meta":{"vkexunit_cta_each_option":"","footnotes":""},"class_list":["post-6056","page","type-page","status-publish","hentry"],"_links":{"self":[{"href":"https:\/\/www.l.u-tokyo.ac.jp\/futsubun\/wp-json\/wp\/v2\/pages\/6056","targetHints":{"allow":["GET"]}}],"collection":[{"href":"https:\/\/www.l.u-tokyo.ac.jp\/futsubun\/wp-json\/wp\/v2\/pages"}],"about":[{"href":"https:\/\/www.l.u-tokyo.ac.jp\/futsubun\/wp-json\/wp\/v2\/types\/page"}],"author":[{"embeddable":true,"href":"https:\/\/www.l.u-tokyo.ac.jp\/futsubun\/wp-json\/wp\/v2\/users\/1"}],"replies":[{"embeddable":true,"href":"https:\/\/www.l.u-tokyo.ac.jp\/futsubun\/wp-json\/wp\/v2\/comments?post=6056"}],"version-history":[{"count":68,"href":"https:\/\/www.l.u-tokyo.ac.jp\/futsubun\/wp-json\/wp\/v2\/pages\/6056\/revisions"}],"predecessor-version":[{"id":8063,"href":"https:\/\/www.l.u-tokyo.ac.jp\/futsubun\/wp-json\/wp\/v2\/pages\/6056\/revisions\/8063"}],"wp:attachment":[{"href":"https:\/\/www.l.u-tokyo.ac.jp\/futsubun\/wp-json\/wp\/v2\/media?parent=6056"}],"curies":[{"name":"wp","href":"https:\/\/api.w.org\/{rel}","templated":true}]}}